is divided by 3?
2
What is the remainder when 21 is divided by (1 + 3/6)*4?
3
Suppose 2*r + 46 = -0*r + 2*b, 2 = r + 4*b. Let m be ((-2)/(-3))/((-4)/r). Suppose 0 = -n - m*n + 128. What is the remainder when n is divided by 11?
10
Suppose 2*k - 4 + 0 = 0. Suppose -n + k*n - 10 = 0. Suppose 0 = -7*i + 2*i + 30. What is the remainder when n is divided by i?
4
Suppose 3*g + g = 8. Suppose 32 = 4*p + p + g*v, 8 = 2*p - 4*v. What is the remainder when 11 is divided by p?
5
Calculate the remainder when (5/(-5))/((-2)/94) is divided by 24.
23
Let p(l) = -3*l - 4. What is the remainder when 17 is divided by p(-3)?
2
Let y = 0 - 0. Suppose y = c + 1 + 1. Let j(k) = -k. What is the remainder when 4 is divided by j(c)?
0
Suppose 0 - 2 = i. What is the remainder when 11 is divided by (4/6)/(i/(-12))?
3
Calculate the remainder when 9*(-1)/(-1) - 0 is divided by 57/15 - (-24)/(-30).
0
Let g(b) = 6*b - 4. Suppose 3*q + q + 8 = 0. What is the remainder when 76/3 + q/6 is divided by g(3)?
11
Suppose 0 = -4*y + 196 - 100. What is the remainder when y is divided by 14?
10
Let m(o) = o**3 - 15*o**2 + 19*o + 1. What is the remainder when m(14) is divided by 37?
34
Let v = 63 - 34. Calculate the remainder when 55 is divided by v.
26
What is the remainder when 2 is divided by (3 - 0)/((-9)/(-6))?
0
Suppose -b - 52 = -z - 0*b, z - 4*b - 58 = 0. Calculate the remainder when z is divided by 13.
11
Suppose g = -6*l + 2*l - 4, -2*g - l + 27 = 0. Calculate the remainder when 28 is divided by g.
12
Let w = 39 - 22. Suppose 7 + 50 = 3*n. Suppose -81 = -2*y + n. What is the remainder when y is divided by w?
16
Suppose -3*k + 16 = k. Let p = k + -4. Suppose p = 3*n - 3 - 3. What is the remainder when n is divided by 1?
0
Let r(l) = -l**2 + 11*l + 9. Calculate the remainder when r(7) is divided by 20.
17
Let r = 30 + -13. Let q = 55 + -5. What is the remainder when q is divided by r?
16
Suppose 6 = w - 6. Let v(x) = 3*x**2 - 4*x + 4. Let i be v(2). Suppose -w - i = -4*y. What is the remainder when 13 is divided by y?
3
Suppose -4*q + b = 6 - 93, -30 = -q + 3*b. Let w = -6 - -12. What is the remainder when q is divided by w?
3
Suppose 2*u - 2*n = 34, -4*u + n = -4*n - 66. What is the remainder when 72 is divided by u?
15
Let g(l) = l**2 - 6*l - 2. Suppose 0 = 6*o - 2*o - 28. Let w be g(o). Suppose 118 - 43 = w*p. Calculate the remainder when 43 is divided by p.
13
Suppose 35 = -3*l - 19. Let t = 19 - l. What is the remainder when t is divided by 13?
11
What is the remainder when 1/(((-3)/(-9))/((-141)/(-9))) is divided by 7?
5
Let b(d) = 8*d. Let k be b(1). Suppose -4*f = -4 - k. Suppose 3*u + 1 = -8, 2*u + 11 = m. Calculate the remainder when m is divided by f.
2
Let x(w) = -7*w + 5. Let v(n) = 20*n - 14. Let f(a) = 6*v(a) + 17*x(a). What is the remainder when f(8) is divided by 6?
3
Suppose -3*k + 16 + 17 = 0. Calculate the remainder when k is divided by 5.
1
Suppose 0 = -t - 2*h - 4 + 2, -3*h + 3 = 3*t. Let q = 159 + -148. Calculate the remainder when q is divided by t.
3
Suppose 2*a = -b + 4*a + 75, -5*b = -3*a - 410. Suppose 7*f = 2*f + b. Let p = -2 + f. Calculate the remainder when p is divided by 6.
3
Let f be (-1)/(-1 - 4/(-6)). Suppose -2*b - 3*c + 19 = 6, f = c. Suppose k + d + 7 = 5*k, k + 4*d = 23. Calculate the remainder when k is divided by b.
1
Let z be (2 - (-3)/(-2))*-4. Let i be (5 + z)*4/3. Suppose -4*p + 0*l = 2*l - 172, 0 = 2*p + i*l - 86. Calculate the remainder when p is divided by 11.
10
Let o = -100 + 187. Calculate the remainder when o is divided by 30 - (-1 + 2)*0.
27
Suppose -u = 3*u - 96. Calculate the remainder when 70 is divided by u.
22
Let g(r) = 2*r**3 + 5*r**2 - 3*r - 3. What is the remainder when g(3) is divided by (396/(-27))/(2/(-3))?
21
What is the remainder when 35 is divided by -2 - (0 + 1)*-11?
8
Let i(x) = 3*x - 2. Let m(s) = 4*s**2 + 2*s**2 - 5*s**2 - s - 6*s + 10. What is the remainder when m(7) is divided by i(2)?
2
Calculate the remainder when 2 + -5 + 8 - -6 is divided by 3.
2
Let c(i) = -i**3 + 7*i**2 - 5*i + 5. Suppose 11*z - 255 = -46. Calculate the remainder when z is divided by c(6).
8
Let w be (90/8)/(6/16). Suppose -l = 5*c - w, -3*l = 5*c + 28 - 118. Suppose h - 2*h = -16. What is the remainder when l is divided by h?
14
Suppose -3*c = -9 - 6. Suppose 11 = c*j - 44. Suppose 4*f - 3*l = 115, 0*f = 2*f + 2*l - 68. Calculate the remainder when f is divided by j.
9
Let s(m) = 2 - 3*m + 2 + 5*m. What is the remainder when 46 is divided by s(4)?
10
Suppose 0 = 2*c - 0 - 2, -3*c + 33 = 2*o. Let m(z) = 2*z - 14. Let u be m(10). Calculate the remainder when 4/u*903/14 is divided by o.
13
Suppose 2*c - u - u - 52 = 0, -3*c = -4*u - 82. Suppose -5*x - 24 = -2*o - 0*o, 3*x + c = 5*o. What is the remainder when o is divided by 1?
0
What is the remainder when (-2 - (-3 + -33)) + 0 is divided by 23?
11
Let w = 38 + 15. Let s = -35 + w. What is the remainder when 70 is divided by s?
16
Suppose -3*s + 584 = 158. Suppose 0 = -5*y + 118 + s. What is the remainder when y is divided by 18?
16
Suppose 5*x + 3*y = 2*x + 6, -3*x = -5*y + 10. Suppose 5*k - 72 = 4*f, k + x*k = -3*f + 3. Calculate the remainder when k is divided by 5.
2
What is the remainder when 17 is divided by ((-6)/(-12))/(3/18)?
2
Suppose 0 = 3*i - 0*i - 27. Calculate the remainder when (-227)/(-15) - 2/15 is divided by i.
6
Let g = 176 + -86. Suppose 4*q = 6*k - k + 72, -3*q = 2*k - 77. What is the remainder when g is divided by q?
21
Let t be (-5 + 3)/1 + -31. Let o = -17 - t. Calculate the remainder when 62 is divided by o.
14
Suppose r - 1 + 4 = -3*z, 5*z = 0. Calculate the remainder when 5 is divided by (20/(-8) - r)*6.
2
Let x = 13 + 19. Let y = 4 + -23. Let h = y - -36. What is the remainder when x is divided by h?
15
Suppose 3*s - 8*s - 26 = -2*f, -3*s + 39 = 3*f. Calculate the remainder when (0 + -2)*(-25)/2 is divided by f.
12
Let c be -2*(-3 - (-1 + -1)). What is the remainder when c/(2/(-2) - -2) is divided by 1?
0
Suppose 3*t - 82 = -1. Let i = t - 16. Let y = -14 + 20. What is the remainder when i is divided by y?
5
Suppose -4*r + 138 = 5*c - 0*r, -4*r = -8. What is the remainder when c is divided by 14?
12
Let g = -3 - -1. Let o be -3*(g - 6/(-9)). Suppose 4*h + o*f - 22 - 14 = 0, -2*f = 3*h - 31. Calculate the remainder when 38 is divided by h.
12
Let o(g) = -g**3 + 7*g**2 + 5*g + 4. Let v be o(7). Suppose -3*m - 3*a + v = 0, -3*a = -5 + 14. Calculate the remainder when m is divided by 6.
4
Suppose -11 = -2*s + 23. What is the remainder when s is divided by 9?
8
Let y(r) = -r**3 + 7*r**2 + 11*r + 3. Calculate the remainder when 105 is divided by y(8).
24
Let l be 852/33 - 4/(-22). Let y = l + -15. What is the remainder when 53 is divided by y?
9
Suppose g + 12 = 2*g. Calculate the remainder when (-137)/(-4) - 1/4 is divided by g.
10
Let p = -14 - -55. Suppose -3*i = -38 - 79. Suppose 4*x - 95 = -i. Calculate the remainder when p is divided by x.
13
Let s = 29 + -22. Suppose -2*w = -15 - 23. What is the remainder when w is divided by s?
5
Suppose -3*y + y - 42 = -4*a, 3*y = 2*a - 15. Calculate the remainder when 69 is divided by a.
9
Suppose 2*c - 45 = -3*w, 0 = w - 6*w - c + 68. Calculate the remainder when 24 - (-5 - 0)/5 is divided by w.
12
Suppose w - 2 = 4*u, 2*w - 33 = -3*w - 3*u. Suppose 0 = -5*v - w + 51. Let j(d) = -d + 10. What is the remainder when v is divided by j(5)?
4
Suppose 4*a = -5*p - 33, 5*p + 15 = 5*a - 0*p. Let n be 33 - (-1 - -1)/a. Suppose -2*c + n = -7. Calculate the remainder when 58 is divided by c.
18
Let k(z) = z**3 + 11*z**2 - 13*z + 15. Calculate the remainder when k(-12) is divided by 10.
7
Let s(h) = 4*h**3 - 8*h**2 + 6*h + 4. Let l(i) = -i**3 - 1. Let o(a) = 5*l(a) + s(a). Let r = 26 + -12. Calculate the remainder when o(-9) is divided by r.
12
Let a be 3/(1 - (-1)/(-4)). What is the remainder when (44/6)/((-24)/(-36)) is divided by 2 - a/(2/(-1))?
3
Let q be 4 - (1 - 0)*0. Let t(k) = -2*k + q + 0*k + 4. What is the remainder when t(-6) is divided by 7?
6
Suppose 151 = 9*x - 281. What is the remainder when x is divided by 13?
9
Let c be (0 + -146)/((-2)/2). Suppose 3*p + 5*t = c, -4*t = -2*p - 0*t + 68. Calculate the remainder when p is divided by 9.
6
Suppose 11*q + 1152 = 35*q. Calculate the remainder when q is divided by